2 - 5231*v - 8. What is f(3)?
-32
Let m(q) = 3*q**3 - 895*q**2 + 3813*q + 2641. Calculate m(294).
-5
Let t(d) = d**3 - 54*d**2 + 527*d + 72. Determine t(13).
-6
Let q(v) = 22323*v + 111459. What is q(-5)?
-156
Let p(b) = -b**3 - 23*b**2 + 2029*b + 6275. Give p(-3).
8
Let k(o) = 2*o**3 - 110*o**2 + 115*o - 439. Give k(54).
-61
Let z(r) = r**2 + 45*r - 3348. What is z(36)?
-432
Let b(t) = t**3 + 45*t**2 - 1336*t - 7342. Give b(-64).
338
Let w(m) = 914322*m + 15543478. Give w(-17).
4
Let i(v) = 359*v**2 - 25846*v - 135. Determine i(72).
9
Let s(r) = 532*r - 2. Give s(1).
530
Let z(d) = -d**3 + 21*d**2 + 96*d + 365. Give z(28).
-2435
Let m(r) = 62*r + 1888. Give m(-36).
-344
Let t(k) = -6*k**3 + 106*k**2 + 653*k + 18. Calculate t(-6).
1212
Let s(c) = -304*c - 99124. Give s(-326).
-20
Let t(g) = 1689*g - 17808. Calculate t(11).
771
Let n(u) = -12*u**2 - 200*u - 136. Give n(-16).
-8
Let n(a) = -2*a**2 + 1908*a - 453706. Determine n(503).
0
Let p(a) = a**2 - 32*a - 48832. Calculate p(236).
-688
Let w(i) = -23*i**2 - 360*i - 669. What is w(-14)?
-137
Let o(y) = 16*y**3 + 9185*y**2 + 585*y + 6307. Determine o(-574).
-7
Let m(w) = -89734*w + 179477. Calculate m(2).
9
Let j(p) = -p**3 - 20*p**2 + 27*p + 264. Determine j(-9).
-870
Let r(w) = w**3 + 246*w**2 + 161*w - 79782. Calculate r(-244).
6
Let q(r) = r**3 + 3*r**2 + 2491*r + 20217. What is q(-8)?
-31
Let n(m) = -m**3 - 72*m**2 - 74*m - 201. Determine n(-71).
12
Let o(w) = w**3 - 17*w**2 - 64*w - 1903. Calculate o(23).
-201
Let v(s) = 6*s**3 + 2377*s**2 + 394*s - 784. Give v(-396).
8
Let g(s) = 8*s**2 + 197*s - 1366. What is g(7)?
405
Let k(x) = -528*x - 110358. What is k(-209)?
-6
Let x(u) = u**2 + 1387*u - 353599. Determine x(220).
-59
Let u(l) = l**3 + 116*l**2 - 4341*l - 484389. What is u(-118)?
1
Let u(n) = -n**3 - 50*n**2 - 316*n + 285. Give u(-42).
-555
Let a(o) = -o**3 - 106*o**2 - 123*o - 1322. Give a(-105).
568
Let b(v) = v**3 - 48*v**2 - 120*v + 7852. What is b(47)?
3
Let m(j) = 395*j - 3027. Determine m(8).
133
Let n(j) = -j**3 - 59*j**2 + 833*j + 368. Calculate n(-71).
1717
Let u(q) = q**3 - 7*q**2 + 869*q - 3403. Determine u(4).
25
Let v(h) = 574*h + 28298. Give v(-49).
172
Let u(h) = 6*h**3 - 142*h**2 + 118*h - 71. Determine u(23).
527
Let a(c) = -8*c**2 - 392*c + 3603. What is a(-57)?
-45
Let a(c) = c**3 - 21*c**2 - 21*c + 148. What is a(22)?
170
Let h(x) = -34135*x + 136526. What is h(4)?
-14
Let j(t) = 20*t**3 + 142*t**2 - 595*t + 84. Calculate j(4).
1256
Let l(v) = -8*v**2 + 200*v + 1091. Determine l(-7).
-701
Let g(f) = -8*f**3 + 8*f**2 + 6*f - 296. Determine g(-4).
320
Let w(z) = -37*z**2 + 3927*z - 537. Calculate w(106).
-7
Let g(m) = -552*m**3 + 2208*m**2 + 44*m - 210. What is g(4)?
-34
Let f(o) = 468*o + 28121. Determine f(-60).
41
Let t(b) = -4*b**2 - 76*b - 96. Calculate t(-9).
264
Let a(w) = 407*w**3 - 7*w**2 + 13*w + 19. Determine a(-1).
-408
Let i(q) = -15*q**3 + 405*q**2 - 400*q + 283. What is i(26)?
23
Let o(t) = t**3 + 12*t**2 + 1001*t - 1015. Determine o(1).
-1
Let l(n) = -40*n**2 - 350*n - 356. What is l(-1)?
-46
Let z(t) = -t**3 - t**2 - 539*t + 1614. Calculate z(3).
-39
Let d(s) = s**2 - 594*s + 36550. Calculate d(524).
-130
Let j(m) = 10819*m + 1114365. What is j(-103)?
8
Let a(h) = 13*h**2 - 1339*h + 1300. Determine a(102).
-26
Let d(n) = 301*n**2 + 895*n - 29. Determine d(-3).
-5
Let s(v) = -v**3 - 26*v**2 + 44*v + 699. Give s(6).
-189
Let w(f) = -856*f - 1564. Give w(-2).
148
Let m(c) = 10*c**2 - 10492*c + 20980. Give m(2).
36
Let x(p) = -11*p**2 - 8086*p - 141992. What is x(-18)?
-8
Let l(p) = 2*p**2 + 120*p - 2269. Determine l(17).
349
Let l(n) = -n**3 + 264*n**2 + 484*n + 12746. What is l(266)?
-22
Let v(q) = -q**2 - 56*q + 643. Give v(-73).
-598
Let o(v) = -2*v**2 + 4775*v + 33515. Give o(-7).
-8
Let y(j) = -345*j**2 + 15870*j + 45. Determine y(46).
45
Let u(t) = 56*t + 3770. Determine u(-75).
-430
Let d(k) = -k**3 + 2*k**2 + 12055*k + 48150. What is d(-4)?
26
Let n(g) = -6*g**2 + 8459*g - 33812. Calculate n(4).
-72
Let c(n) = -53*n**2 + 286*n + 85696. Calculate c(43).
-3
Let l(q) = q**2 + 701*q - 54925. What is l(71)?
-113
Let o(r) = 239*r - 1504. Calculate o(8).
408
Let r(s) = -1501*s**2 + 25525*s - 130. Determine r(17).
6
Let t(n) = 6*n**3 + 13*n**2 - 232*n - 1918. Give t(-7).
-1715
Let z(j) = 34984*j - 209891. What is z(6)?
13
Let p(o) = -o**3 + 31*o**2 - 266*o + 9101. Calculate p(31).
855
Let x(c) = -c**3 + 81*c**2 + 755*c - 62000. Give x(81).
-845
Let d(h) = -193*h**2 + 3099*h - 182. What is d(16)?
-6
Let b(y) = y**2 - 158587*y + 48907899. Determine b(309).
-3
Let d(r) = r**3 + 2*r**2 + 79*r - 812. What is d(6)?
-50
Let c(l) = -l**3 + 17*l**2 - 1931*l + 35079. Determine c(18).
-3
Let y(b) = 9*b**3 + 651*b**2 + 219*b + 209. What is y(-72)?
-7
Let p(w) = -w**3 + 101*w**2 - 2396*w + 154. Give p(63).
28
Let w(b) = 27943*b + 2151604. What is w(-77)?
-7
Let r(h) = 222863*h + 4457234. Give r(-20).
-26
Let u(m) = 67*m**2 + 434*m + 6. Determine u(-8).
822
Let p(b) = 3*b**3 - 1192*b**2 - 763*b - 13166. Determine p(398).
-32
Let h(x) = 1279*x**2 + 141970*x + 127. Determine h(-111).
16
Let z(r) = 8*r**3 - 734*r**2 - 178*r - 453. Calculate z(92).
99
Let z(c) = 3*c**3 + 224*c**2 - 66*c + 166. Give z(-75).
-509
Let p(z) = -5148*z - 108125. Give p(-21).
-17
Let d(h) = -15298*h + 550729. Determine d(36).
1
Let i(h) = -10885*h - 43347. Determine i(-4).
193
Let z(x) = 17*x**2 + 41*x + 206. Determine z(-4).
314
Let p(s) = 18*s**2 - 117*s + 194. Give p(3).
5
Let b(v) = 2569*v - 213753. What is b(84)?
2043
Let f(p) = 12*p**3 - 58*p**2 + 10139*p - 40398. Determine f(4).
-2
Let t(s) = 56*s**2 - 275*s + 836. Give t(3).
515
Let v(k) = 198*k**3 - 27*k**2 + 503*k + 506. Determine v(-1).
-222
Let y(p) = 24*p**3 + 9*p**2 - 71*p - 220. Calculate y(-3).
-574
Let r(n) = 3588962*n - 10766907. What is r(3)?
-21
Let t(g) = -101*g**2 - 34598*g - 222434. Determine t(-336).
-2
Let b(i) = -2*i**2 - 253497*i - 2534776. Calculate b(-10).
-6
Let h(r) = -r**3 + 35*r**2 + 110*r - 1482. What is h(37)?
-150
Let s(t) = t**3 + 390*t**2 + 1917*t - 3086. What is s(-385)?
-6
Let a(f) = 2*f**2 + 6128*f + 69. What is a(0)?
69
Let o(k) = 770*k**3 + 7*k**2 + 4*k - 12. Determine o(1).
769
Let s(g) = -7532*g - 233513. Determine s(-31).
-21
Let z(k) = 5*k**2 + 802*k - 18051. What is z(-181)?
592
Let u(g) = 2*g**2 - 729*g + 4306. Determine u(6).
4
Let s(b) = -31*b**2 + 134*b - 106. What is s(1)?
-3
Let v(r) = -6503*r + 9429357. Calculate v(1450).
7
Let l(t) = -10*t**2 - 797*t - 699. What is l(-79)?
-146
Let r(v) = -305*v**2 + 1367*v - 2741. Give r(2).
-1227
Let v(k) = 2537*k - 1177539. Give v(464).
-371
Let y(n) = -3*n**3 - 970*n**2 - 12992*n + 25. Calculate y(-14).
25
Let r(v) = 16*v**2 - 144*v + 102. What is r(12)?
678
Let k(o) = 18*o**3 - 1316*o**2 + 139*o + 514. Calculate k(73).
3
Let q(b) = 2*b**3 + 79*b**2 + 753*b - 509. Calculate q(-21).
-5
Let x(v) = 380*v - 34232. Give x(89).
-412
Let q(i) = -i**2 + 139*i - 1615. Calculate q(126).
23
Let k(v) = -v**3 - 8*v**2 + 20*v + 56. What is k(-10)?
56
Let k(j) = j**3 + j**2 - 387*j - 218. Determine k(21).
1357
Let j(u) = -u**2 - 559*u + 13568. Give j(24).
-424
Let n(j) = 2835*j - 113410. What is n(40)?
-10
Let y(u) = 320*u**2 - 2222*u - 132. Calculate y(7).
-6
Let x(p) = p**2 + 18069*p + 379009. Calculate x(-21).
1
Let v(u) = 2*u**3 - 40*u**2 - 432*u + 116. What is v(-8)?
-12
Let r(v) = v**3 + 8*v**2 - 17837*v - 265977. Give r(-15).
3
Let z(f) = 2*f**3 + 1393*f**2 + 154560*f - 3339. What is z(-558)?
9
Let h(s) = 1340*s - 6076. Determine h(5).
624
Let m(a) = 3436*a - 1195548. Give m(348).
180
Let c(y) = 10*y - 1596. What is c(76)?
-836
Let m(u) = -2*u**3 - 157*u**2 - 365*u + 1234. What is m(-76)?
94
Let g(z) = z**2 - 101*z - 2718. Calculate g(-33).
1704
Let j(b) = 3468*b + 249715. What is j(-72)?
19
Let c(u) = 5*u**2 - 7*u + 51. Determine c(8).
315
Let a(d) = 2*d**3 + 821*d**2 + 47135*d + 555. Give a(-69).
3
Let z(b) = -b**3 + 1636*b**2 - 55961*b - 118471. Give z(1601).
3
Let y(m) = -4*m**2 + 114191*m + 1. Determine y(0).
1
Let y(j) = -4934*j**2 + 44*j - 6. Calculate y(0).
-6
Let l(c) = -72048*c**2 + 936621*c - 6. Give l(13).
-45
Let l(k) = 5569*k - 278470. Determine l(50).
-20
Let v(p) = 21*p - 598. What is v(-223)?
-5281
Let l(d) = -9*d**3 - 82*d**2 - 49*d 